{"id":1734,"date":"2023-05-02T15:17:01","date_gmt":"2023-05-02T15:17:01","guid":{"rendered":"https:\/\/agrdeprado.eco\/politica-de-privacidade\/"},"modified":"2024-01-22T13:26:45","modified_gmt":"2024-01-22T13:26:45","slug":"politica-de-privacidade","status":"publish","type":"page","link":"https:\/\/agrdeprado.eco\/pt-pt\/politica-de-privacidade\/","title":{"rendered":"Pol\u00edtica de Privacidade"},"content":{"rendered":"\t\t<div data-elementor-type=\"wp-page\" data-elementor-id=\"1734\" class=\"elementor elementor-1734 elementor-1060\" data-elementor-post-type=\"page\">\n\t\t\t\t\t\t<section class=\"elementor-section elementor-top-section elementor-element elementor-element-81d7473 elementor-section-full_width elementor-section-height-min-height elementor-section-height-default elementor-section-items-middle\" data-id=\"81d7473\" data-element_type=\"section\" data-e-type=\"section\" data-settings=\"{&quot;background_background&quot;:&quot;classic&quot;}\">\n\t\t\t\t\t\t<div class=\"elementor-container elementor-column-gap-default\">\n\t\t\t\t\t<div class=\"elementor-column elementor-col-100 elementor-top-column elementor-element elementor-element-3e80e9b\" data-id=\"3e80e9b\" data-element_type=\"column\" data-e-type=\"column\">\n\t\t\t<div class=\"elementor-widget-wrap elementor-element-populated\">\n\t\t\t\t\t\t<div class=\"elementor-element elementor-element-a14df76 elementor-widget elementor-widget-spacer\" data-id=\"a14df76\" data-element_type=\"widget\" data-e-type=\"widget\" data-widget_type=\"spacer.default\">\n\t\t\t\t<div class=\"elementor-widget-container\">\n\t\t\t\t\t\t\t<div class=\"elementor-spacer\">\n\t\t\t<div class=\"elementor-spacer-inner\"><\/div>\n\t\t<\/div>\n\t\t\t\t\t\t<\/div>\n\t\t\t\t<\/div>\n\t\t\t\t\t<\/div>\n\t\t<\/div>\n\t\t\t\t\t<\/div>\n\t\t<\/section>\n\t\t\t\t<section class=\"elementor-section elementor-top-section elementor-element elementor-element-bedd74c elementor-section-boxed elementor-section-height-default elementor-section-height-default\" data-id=\"bedd74c\" data-element_type=\"section\" data-e-type=\"section\">\n\t\t\t\t\t\t<div class=\"elementor-container elementor-column-gap-default\">\n\t\t\t\t\t<div class=\"elementor-column elementor-col-100 elementor-top-column elementor-element elementor-element-a7b3c82\" data-id=\"a7b3c82\" data-element_type=\"column\" data-e-type=\"column\">\n\t\t\t<div class=\"elementor-widget-wrap elementor-element-populated\">\n\t\t\t\t\t\t<div class=\"elementor-element elementor-element-96958aa elementor-widget elementor-widget-spacer\" data-id=\"96958aa\" data-element_type=\"widget\" data-e-type=\"widget\" data-widget_type=\"spacer.default\">\n\t\t\t\t<div class=\"elementor-widget-container\">\n\t\t\t\t\t\t\t<div class=\"elementor-spacer\">\n\t\t\t<div class=\"elementor-spacer-inner\"><\/div>\n\t\t<\/div>\n\t\t\t\t\t\t<\/div>\n\t\t\t\t<\/div>\n\t\t\t\t\t<\/div>\n\t\t<\/div>\n\t\t\t\t\t<\/div>\n\t\t<\/section>\n\t\t\t\t<section class=\"elementor-section elementor-top-section elementor-element elementor-element-3a98911 elementor-section-boxed elementor-section-height-default elementor-section-height-default\" data-id=\"3a98911\" data-element_type=\"section\" data-e-type=\"section\">\n\t\t\t\t\t\t<div class=\"elementor-container elementor-column-gap-default\">\n\t\t\t\t\t<div class=\"elementor-column elementor-col-100 elementor-top-column elementor-element elementor-element-58cc64e\" data-id=\"58cc64e\" data-element_type=\"column\" data-e-type=\"column\">\n\t\t\t<div class=\"elementor-widget-wrap elementor-element-populated\">\n\t\t\t\t\t\t<div class=\"elementor-element elementor-element-2d57f14 elementor-widget elementor-widget-text-editor\" data-id=\"2d57f14\" data-element_type=\"widget\" data-e-type=\"widget\" data-widget_type=\"text-editor.default\">\n\t\t\t\t<div class=\"elementor-widget-container\">\n\t\t\t\t\t\t\t\t\t<p><strong>Prote\u00e7\u00e3o de dados<\/strong><br \/>Em conformidade com o artigo 13.\u00ba do Regulamento Geral sobre a Prote\u00e7\u00e3o de Dados (Regulamento (UE) 2016\/679, de 27 de abril de 2016, relativo \u00e0 prote\u00e7\u00e3o das pessoas singulares no que diz respeito ao tratamento de dados pessoais e \u00e0 livre circula\u00e7\u00e3o desses dados), informamos o seguinte:<br \/>A DEPRADO PLANTACIONES SL compromete-se a manter o n\u00edvel adequado de prote\u00e7\u00e3o dos dados que trata e a garantir a confidencialidade obrigat\u00f3ria dos dados pessoais fornecidos atrav\u00e9s do site. Nesta linha, e de acordo com o dever de transpar\u00eancia, preocupamo-nos com os nossos utilizadores e com a sua privacidade em conformidade com os regulamentos aplic\u00e1veis em mat\u00e9ria de prote\u00e7\u00e3o de dados. Para o efeito, colocamos \u00e0 sua disposi\u00e7\u00e3o a informa\u00e7\u00e3o relacionada com o tratamento de dados pessoais que efetuamos, com o objetivo de que, em todos os momentos, saiba como tratamos os seus dados e os direitos que o assistem enquanto titular dos mesmos.<\/p>\n<p><strong>Identidade e Dados do Respons\u00e1vel pelo Tratamento<\/strong><br \/>\u2022 Respons\u00e1vel: DEPRADO PLANTACIONES SL<br \/>\u2022 Endere\u00e7o: Avda. Cervantes 6 escalera 3, BAJO Loca 1 de C\u00f3rdoba CP 14008 de C\u00f3rdoba<br \/>\u2022 Telefone: \u2014\u2014<br \/>\u2022 Endere\u00e7o de e-mail: info@depradoplantaciones.com<br \/>Finalidade do Tratamento de Dados<br \/>Os dados que o utilizador fornece atrav\u00e9s do website podem ser utilizados para as seguintes finalidades:<br \/>\u2022 Ser capaz de entrar em contato com o usu\u00e1rio<br \/>\u2022 Atender e gerenciar, solicita\u00e7\u00f5es, consultas, incidentes, sugest\u00f5es, etc;<br \/>\u2022 Prestar os servi\u00e7os requeridos pelo utilizador<br \/>\u2022 Mant\u00ea-lo informado, por correio papel, meios eletr\u00f3nicos ou dispositivos m\u00f3veis, de qualquer informa\u00e7\u00e3o que possa ser do seu interesse e relacionada com os servi\u00e7os prestados pela pessoa respons\u00e1vel pelo tratamento.<br \/>\u2022 An\u00e1lise estat\u00edstica das visitas \u00e0 Web e comportamentos dos seus Utilizadores na mesma.<br \/>As informa\u00e7\u00f5es fornecidas podem ser processadas para criar um perfil que nos permita oferecer-lhe as informa\u00e7\u00f5es que podem ser de maior interesse para voc\u00ea. E tamb\u00e9m \u00e9 informado que, com base nesse perfil, n\u00e3o ser\u00e3o tomadas decis\u00f5es automatizadas que possam afetar o usu\u00e1rio.<\/p>\n<p><strong>Legitima\u00e7\u00e3o para o tratamento<\/strong><br \/>O tratamento dos seus dados para a presta\u00e7\u00e3o dos servi\u00e7os requeridos pelo utilizador baseia-se exclusivamente no seu consentimento expresso, prestado no momento do preenchimento dos formul\u00e1rios. O tratamento de dados para o envio de informa\u00e7\u00f5es comerciais baseia-se no interesse leg\u00edtimo que a DE PRADO PLANTACIONES SL tem em manter uma rela\u00e7\u00e3o fluida e constante com os utilizadores do site, a fim de lhes fornecer informa\u00e7\u00f5es relevantes de interesse sobre produtos ou servi\u00e7os prestados pela pessoa respons\u00e1vel pelo tratamento.  que poder\u00e1 realizar os tratamentos estritamente necess\u00e1rios para a administra\u00e7\u00e3o interna do website, an\u00e1lise estat\u00edstica das visitas \u00e0 Web e comportamentos dos seus Utilizadores.<\/p>\n<p><strong>Direito de retirar o consentimento<\/strong><br \/>A qualquer momento, o utilizador poder\u00e1 retirar o seu consentimento ao tratamento dos seus dados para a gest\u00e3o e informa\u00e7\u00e3o sobre os produtos ou servi\u00e7os solicitados, caso em que cessar\u00e1 a obriga\u00e7\u00e3o do respons\u00e1vel de continuar a prestar os servi\u00e7os.<\/p>\n<p><strong>Transfer\u00eancia de dados<\/strong><br \/>A DE PRADO PLANTACIONES SL n\u00e3o planeia e n\u00e3o transferir\u00e1 os seus dados, salvo consentimento expresso para o fazer ou que seja exigido pelos tribunais ou pela Administra\u00e7\u00e3o P\u00fablica no exerc\u00edcio dos seus poderes.<\/p>\n<p><strong>Reten\u00e7\u00e3o de dados<\/strong><br \/>Os dados ser\u00e3o conservados pelo tempo necess\u00e1rio ao cumprimento dos servi\u00e7os solicitados pelo utilizador, e de acordo com a finalidade para a qual foram obtidos, sem preju\u00edzo do exerc\u00edcio do direito de elimina\u00e7\u00e3o. Posteriormente, os dados ser\u00e3o conservados, sem acesso aos mesmos, por um per\u00edodo de 5 anos para salvar o exerc\u00edcio das a\u00e7\u00f5es que possam corresponder \u00e0s partes. Em rela\u00e7\u00e3o ao tratamento necess\u00e1rio para o envio de informa\u00e7\u00f5es, manteremos os seus dados no sistema desde que n\u00e3o solicite a sua elimina\u00e7\u00e3o.<\/p>\n<p><strong>Direitos dos Utilizadores relativamente ao tratamento dos seus dados<\/strong><br \/>\u2022 Acesse-os.<br \/>\u2022 Solicitar retifica\u00e7\u00e3o ou elimina\u00e7\u00e3o.<br \/>\u2022 Solicitar a limita\u00e7\u00e3o do seu tratamento.<br \/>\u2022 Opor-se ao seu tratamento.<br \/>\u2022 Solicitar portabilidade num formato estruturado, de uso corrente e leg\u00edvel por m\u00e1quina.<br \/>\u2022 Pode exercer tais direitos perante a DE PRADO PLANTACIONES SL. Neste caso, pode contactar o respons\u00e1vel pelo tratamento de dados por escrito na morada indicada, acompanhando o seu pedido com uma c\u00f3pia de um documento oficial de identifica\u00e7\u00e3o, ou enviando um e-mail que inclua uma assinatura eletr\u00f3nica, a fim de comprovar a sua identidade, \u00e0 info@depradoplantaciones.com<br \/>O exerc\u00edcio dos direitos acima mencionados \u00e9 complementado pelo direito de apresentar uma reclama\u00e7\u00e3o junto da autoridade de controlo, no nosso caso, junto da Ag\u00eancia Espanhola de Prote\u00e7\u00e3o de Dados, ou do organismo que a substitui.<\/p>\n<p><strong>Medidas t\u00e9cnicas e organizativas<\/strong><br \/>A DE PRADO PLANTACIONES SL adotou as medidas t\u00e9cnicas e organizativas de acordo com o disposto na regulamenta\u00e7\u00e3o vigente, sendo os n\u00edveis de seguran\u00e7a adequados aos dados fornecidos e, al\u00e9m disso, todos os meios e medidas t\u00e9cnicas \u00e0 sua disposi\u00e7\u00e3o foram instalados para evitar a perda, mau uso, altera\u00e7\u00e3o e acesso n\u00e3o autorizado aos dados que nos s\u00e3o fornecidos.<\/p>\n\t\t\t\t\t\t\t\t<\/div>\n\t\t\t\t<\/div>\n\t\t\t\t\t<\/div>\n\t\t<\/div>\n\t\t\t\t\t<\/div>\n\t\t<\/section>\n\t\t\t\t<section class=\"elementor-section elementor-top-section elementor-element elementor-element-0ff2f69 elementor-section-boxed elementor-section-height-default elementor-section-height-default\" data-id=\"0ff2f69\" data-element_type=\"section\" data-e-type=\"section\">\n\t\t\t\t\t\t<div class=\"elementor-container elementor-column-gap-default\">\n\t\t\t\t\t<div class=\"elementor-column elementor-col-100 elementor-top-column elementor-element elementor-element-122b22c\" data-id=\"122b22c\" data-element_type=\"column\" data-e-type=\"column\">\n\t\t\t<div class=\"elementor-widget-wrap elementor-element-populated\">\n\t\t\t\t\t\t<div class=\"elementor-element elementor-element-d158466 elementor-widget elementor-widget-spacer\" data-id=\"d158466\" data-element_type=\"widget\" data-e-type=\"widget\" data-widget_type=\"spacer.default\">\n\t\t\t\t<div class=\"elementor-widget-container\">\n\t\t\t\t\t\t\t<div class=\"elementor-spacer\">\n\t\t\t<div class=\"elementor-spacer-inner\"><\/div>\n\t\t<\/div>\n\t\t\t\t\t\t<\/div>\n\t\t\t\t<\/div>\n\t\t\t\t\t<\/div>\n\t\t<\/div>\n\t\t\t\t\t<\/div>\n\t\t<\/section>\n\t\t\t\t<\/div>\n\t\t","protected":false},"excerpt":{"rendered":"<p>Prote\u00e7\u00e3o de dadosEm conformidade com o artigo 13.\u00ba do Regulamento Geral sobre a Prote\u00e7\u00e3o de Dados (Regulamento (UE) 2016\/679, de 27 de abril de 2016, relativo \u00e0 prote\u00e7\u00e3o das pessoas singulares no que diz respeito ao tratamento de dados pessoais e \u00e0 livre circula\u00e7\u00e3o desses dados), informamos o seguinte:A DEPRADO PLANTACIONES SL compromete-se a manter [&hellip;]<\/p>\n","protected":false},"author":6,"featured_media":0,"parent":0,"menu_order":0,"comment_status":"closed","ping_status":"closed","template":"","meta":{"_joinchat":[],"footnotes":""},"class_list":["post-1734","page","type-page","status-publish","hentry"],"_links":{"self":[{"href":"https:\/\/agrdeprado.eco\/pt-pt\/wp-json\/wp\/v2\/pages\/1734","targetHints":{"allow":["GET"]}}],"collection":[{"href":"https:\/\/agrdeprado.eco\/pt-pt\/wp-json\/wp\/v2\/pages"}],"about":[{"href":"https:\/\/agrdeprado.eco\/pt-pt\/wp-json\/wp\/v2\/types\/page"}],"author":[{"embeddable":true,"href":"https:\/\/agrdeprado.eco\/pt-pt\/wp-json\/wp\/v2\/users\/6"}],"replies":[{"embeddable":true,"href":"https:\/\/agrdeprado.eco\/pt-pt\/wp-json\/wp\/v2\/comments?post=1734"}],"version-history":[{"count":1,"href":"https:\/\/agrdeprado.eco\/pt-pt\/wp-json\/wp\/v2\/pages\/1734\/revisions"}],"predecessor-version":[{"id":1735,"href":"https:\/\/agrdeprado.eco\/pt-pt\/wp-json\/wp\/v2\/pages\/1734\/revisions\/1735"}],"wp:attachment":[{"href":"https:\/\/agrdeprado.eco\/pt-pt\/wp-json\/wp\/v2\/media?parent=1734"}],"curies":[{"name":"wp","href":"https:\/\/api.w.org\/{rel}","templated":true}]}}

Política de Privacidade

<div data-elementor-type="wp-page" data-elementor-id="1734" class="elementor elementor-1734 elementor-1060" data-elementor-post-type="page">
						<section class="elementor-section elementor-top-section elementor-element elementor-element-81d7473 elementor-section-full_width elementor-section-height-min-height elementor-section-height-default elementor-section-items-middle" data-id="81d7473" data-element_type="section" data-e-type="section" data-settings="{&quot;background_background&quot;:&quot;classic&quot;}">
						<div class="elementor-container elementor-column-gap-default">
					<div class="elementor-column elementor-col-100 elementor-top-column elementor-element elementor-element-3e80e9b" data-id="3e80e9b" data-element_type="column" data-e-type="column">
			<div class="elementor-widget-wrap elementor-element-populated">
						<div class="elementor-element elementor-element-a14df76 elementor-widget elementor-widget-spacer" data-id="a14df76" data-element_type="widget" data-e-type="widget" data-widget_type="spacer.default">
				<div class="elementor-widget-container">
							<div class="elementor-spacer">
			<div class="elementor-spacer-inner"></div>
		</div>
						</div>
				</div>
					</div>
		</div>
					</div>
		</section>
				<section class="elementor-section elementor-top-section elementor-element elementor-element-bedd74c elementor-section-boxed elementor-section-height-default elementor-section-height-default" data-id="bedd74c" data-element_type="section" data-e-type="section">
						<div class="elementor-container elementor-column-gap-default">
					<div class="elementor-column elementor-col-100 elementor-top-column elementor-element elementor-element-a7b3c82" data-id="a7b3c82" data-element_type="column" data-e-type="column">
			<div class="elementor-widget-wrap elementor-element-populated">
						<div class="elementor-element elementor-element-96958aa elementor-widget elementor-widget-spacer" data-id="96958aa" data-element_type="widget" data-e-type="widget" data-widget_type="spacer.default">
				<div class="elementor-widget-container">
							<div class="elementor-spacer">
			<div class="elementor-spacer-inner"></div>
		</div>
						</div>
				</div>
					</div>
		</div>
					</div>
		</section>
				<section class="elementor-section elementor-top-section elementor-element elementor-element-3a98911 elementor-section-boxed elementor-section-height-default elementor-section-height-default" data-id="3a98911" data-element_type="section" data-e-type="section">
						<div class="elementor-container elementor-column-gap-default">
					<div class="elementor-column elementor-col-100 elementor-top-column elementor-element elementor-element-58cc64e" data-id="58cc64e" data-element_type="column" data-e-type="column">
			<div class="elementor-widget-wrap elementor-element-populated">
						<div class="elementor-element elementor-element-2d57f14 elementor-widget elementor-widget-text-editor" data-id="2d57f14" data-element_type="widget" data-e-type="widget" data-widget_type="text-editor.default">
				<div class="elementor-widget-container">
									<p><strong>Proteção de dados</strong><br />Em conformidade com o artigo 13.º do Regulamento Geral sobre a Proteção de Dados (Regulamento (UE) 2016/679, de 27 de abril de 2016, relativo à proteção das pessoas singulares no que diz respeito ao tratamento de dados pessoais e à livre circulação desses dados), informamos o seguinte:<br />A DEPRADO PLANTACIONES SL compromete-se a manter o nível adequado de proteção dos dados que trata e a garantir a confidencialidade obrigatória dos dados pessoais fornecidos através do site. Nesta linha, e de acordo com o dever de transparência, preocupamo-nos com os nossos utilizadores e com a sua privacidade em conformidade com os regulamentos aplicáveis em matéria de proteção de dados. Para o efeito, colocamos à sua disposição a informação relacionada com o tratamento de dados pessoais que efetuamos, com o objetivo de que, em todos os momentos, saiba como tratamos os seus dados e os direitos que o assistem enquanto titular dos mesmos.</p>
<p><strong>Identidade e Dados do Responsável pelo Tratamento</strong><br />• Responsável: DEPRADO PLANTACIONES SL<br />• Endereço: Avda. Cervantes 6 escalera 3, BAJO Loca 1 de Córdoba CP 14008 de Córdoba<br />• Telefone: ——<br />• Endereço de e-mail: info@depradoplantaciones.com<br />Finalidade do Tratamento de Dados<br />Os dados que o utilizador fornece através do website podem ser utilizados para as seguintes finalidades:<br />• Ser capaz de entrar em contato com o usuário<br />• Atender e gerenciar, solicitações, consultas, incidentes, sugestões, etc;<br />• Prestar os serviços requeridos pelo utilizador<br />• Mantê-lo informado, por correio papel, meios eletrónicos ou dispositivos móveis, de qualquer informação que possa ser do seu interesse e relacionada com os serviços prestados pela pessoa responsável pelo tratamento.<br />• Análise estatística das visitas à Web e comportamentos dos seus Utilizadores na mesma.<br />As informações fornecidas podem ser processadas para criar um perfil que nos permita oferecer-lhe as informações que podem ser de maior interesse para você. E também é informado que, com base nesse perfil, não serão tomadas decisões automatizadas que possam afetar o usuário.</p>
<p><strong>Legitimação para o tratamento</strong><br />O tratamento dos seus dados para a prestação dos serviços requeridos pelo utilizador baseia-se exclusivamente no seu consentimento expresso, prestado no momento do preenchimento dos formulários. O tratamento de dados para o envio de informações comerciais baseia-se no interesse legítimo que a DE PRADO PLANTACIONES SL tem em manter uma relação fluida e constante com os utilizadores do site, a fim de lhes fornecer informações relevantes de interesse sobre produtos ou serviços prestados pela pessoa responsável pelo tratamento.  que poderá realizar os tratamentos estritamente necessários para a administração interna do website, análise estatística das visitas à Web e comportamentos dos seus Utilizadores.</p>
<p><strong>Direito de retirar o consentimento</strong><br />A qualquer momento, o utilizador poderá retirar o seu consentimento ao tratamento dos seus dados para a gestão e informação sobre os produtos ou serviços solicitados, caso em que cessará a obrigação do responsável de continuar a prestar os serviços.</p>
<p><strong>Transferência de dados</strong><br />A DE PRADO PLANTACIONES SL não planeia e não transferirá os seus dados, salvo consentimento expresso para o fazer ou que seja exigido pelos tribunais ou pela Administração Pública no exercício dos seus poderes.</p>
<p><strong>Retenção de dados</strong><br />Os dados serão conservados pelo tempo necessário ao cumprimento dos serviços solicitados pelo utilizador, e de acordo com a finalidade para a qual foram obtidos, sem prejuízo do exercício do direito de eliminação. Posteriormente, os dados serão conservados, sem acesso aos mesmos, por um período de 5 anos para salvar o exercício das ações que possam corresponder às partes. Em relação ao tratamento necessário para o envio de informações, manteremos os seus dados no sistema desde que não solicite a sua eliminação.</p>
<p><strong>Direitos dos Utilizadores relativamente ao tratamento dos seus dados</strong><br />• Acesse-os.<br />• Solicitar retificação ou eliminação.<br />• Solicitar a limitação do seu tratamento.<br />• Opor-se ao seu tratamento.<br />• Solicitar portabilidade num formato estruturado, de uso corrente e legível por máquina.<br />• Pode exercer tais direitos perante a DE PRADO PLANTACIONES SL. Neste caso, pode contactar o responsável pelo tratamento de dados por escrito na morada indicada, acompanhando o seu pedido com uma cópia de um documento oficial de identificação, ou enviando um e-mail que inclua uma assinatura eletrónica, a fim de comprovar a sua identidade, à info@depradoplantaciones.com<br />O exercício dos direitos acima mencionados é complementado pelo direito de apresentar uma reclamação junto da autoridade de controlo, no nosso caso, junto da Agência Espanhola de Proteção de Dados, ou do organismo que a substitui.</p>
<p><strong>Medidas técnicas e organizativas</strong><br />A DE PRADO PLANTACIONES SL adotou as medidas técnicas e organizativas de acordo com o disposto na regulamentação vigente, sendo os níveis de segurança adequados aos dados fornecidos e, além disso, todos os meios e medidas técnicas à sua disposição foram instalados para evitar a perda, mau uso, alteração e acesso não autorizado aos dados que nos são fornecidos.</p>
								</div>
				</div>
					</div>
		</div>
					</div>
		</section>
				<section class="elementor-section elementor-top-section elementor-element elementor-element-0ff2f69 elementor-section-boxed elementor-section-height-default elementor-section-height-default" data-id="0ff2f69" data-element_type="section" data-e-type="section">
						<div class="elementor-container elementor-column-gap-default">
					<div class="elementor-column elementor-col-100 elementor-top-column elementor-element elementor-element-122b22c" data-id="122b22c" data-element_type="column" data-e-type="column">
			<div class="elementor-widget-wrap elementor-element-populated">
						<div class="elementor-element elementor-element-d158466 elementor-widget elementor-widget-spacer" data-id="d158466" data-element_type="widget" data-e-type="widget" data-widget_type="spacer.default">
				<div class="elementor-widget-container">
							<div class="elementor-spacer">
			<div class="elementor-spacer-inner"></div>
		</div>
						</div>
				</div>
					</div>
		</div>
					</div>
		</section>
				</div>

<p>Proteção de dadosEm conformidade com o artigo 13.º do Regulamento Geral sobre a Proteção de Dados (Regulamento (UE) 2016/679, de 27 de abril de 2016, relativo à proteção das pessoas singulares no que diz respeito ao tratamento de dados pessoais e à livre circulação desses dados), informamos o seguinte:A DEPRADO PLANTACIONES SL compromete-se a manter [&hellip;]</p>
